 a composite number?
False
Is 8211977161 a prime number?
False
Is 12669095423 prime?
False
Is 82007754937 composite?
False
Is 3166376009 a prime number?
False
Is 1550568179 composite?
True
Is 1470270917 a composite number?
False
Is 1980995147 a composite number?
True
Is 14927864467 composite?
True
Is 5155835281 a prime number?
False
Is 79331071579 composite?
True
Is 3226967 a prime number?
True
Is 6388862479 a prime number?
False
Is 187534091 a composite number?
False
Is 3977680933 a prime number?
True
Is 694369178 prime?
False
Is 68545457 composite?
False
Is 62332690769 a prime number?
True
Is 418448491 a composite number?
False
Is 2620065893 a composite number?
True
Is 17767129253 prime?
True
Is 20159672941 a composite number?
True
Is 1634727235 a composite number?
True
Is 480936587 a composite number?
False
Is 25977266573 prime?
True
Is 81528258667 composite?
False
Is 124386721 prime?
False
Is 4488661601 a prime number?
False
Is 13964418389 prime?
True
Is 51513155147 a composite number?
False
Is 98752219213 a composite number?
False
Is 100459427 composite?
False
Is 1430934019 prime?
False
Is 4790118583 prime?
True
Is 4874583601 a composite number?
False
Is 1779675859 prime?
False
Is 3432685162 prime?
False
Is 4256839331 composite?
False
Is 4999546723 a prime number?
True
Is 58917707 a composite number?
False
Is 336751867 composite?
True
Is 46908214853 a prime number?
True
Is 106954426261 a composite number?
False
Is 243681256201 prime?
False
Is 5383507471 a prime number?
True
Is 5781501409 composite?
False
Is 1622686831 prime?
True
Is 3363399563 composite?
False
Is 9245640329 a prime number?
True
Is 3892052987 a composite number?
True
Is 5655276449 a composite number?
False
Is 8183997869 prime?
False
Is 3989408303 a composite number?
True
Is 415192229 a prime number?
False
Is 4738740757 prime?
False
Is 55234349773 a composite number?
False
Is 6295279807 composite?
False
Is 1109141437 a prime number?
True
Is 2464742803 composite?
False
Is 2194790861 a prime number?
True
Is 794806541 a composite number?
True
Is 14189662607 a prime number?
False
Is 11444805389 composite?
True
Is 1785331297 composite?
False
Is 5814950917 composite?
True
Is 343433687 composite?
False
Is 220051379 a prime number?
True
Is 15200215 prime?
False
Is 24851023 a composite number?
False
Is 172662391673 composite?
True
Is 571644197 composite?
True
Is 736362899 prime?
False
Is 9087930781 a composite number?
False
Is 16943770211 prime?
False
Is 480994705 prime?
False
Is 159336743 a composite number?
True
Is 226357121 a prime number?
True
Is 4786910111 a composite number?
True
Is 257137913 a composite number?
False
Is 114686402101 prime?
True
Is 18402462877 a composite number?
False
Is 6109785541 a prime number?
True
Is 105422573 a composite number?
True
Is 528144703 a prime number?
False
Is 551303443 a composite number?
False
Is 96611815 composite?
True
Is 1679753443 prime?
False
Is 120962048783 a prime number?
True
Is 788891219 prime?
True
Is 1051727101 a prime number?
False
Is 2596745167 a composite number?
True
Is 70573163827 a prime number?
True
Is 4744421611 composite?
True
Is 28006692269 composite?
False
Is 2277293861 composite?
False
Is 540208111 a prime number?
True
Is 10559009233 composite?
False
Is 2239783291 a composite number?
False
Is 18831131497 a prime number?
True
Is 10365724546 composite?
True
Is 658469849 a composite number?
False
Is 65357783159 prime?
False
Is 14443355357 a composite number?
True
Is 919710719 a prime number?
False
Is 57279594311 prime?
True
Is 14050206271 a composite number?
True
Is 16210989317 a composite number?
False
Is 516105799 a prime number?
False
Is 82135695377 prime?
True
Is 631423589 a prime number?
True
Is 8331261047 composite?
False
Is 706616879 prime?
False
Is 6455329651 composite?
False
Is 796911799 a prime number?
False
Is 48209671823 composite?
True
Is 5051976181 prime?
False
Is 2291447503 a prime number?
False
Is 1934651701 composite?
False
Is 4595034649 a prime number?
True
Is 16318820113 a prime number?
False
Is 1096717079 a composite number?
False
Is 127422956887 a prime number?
True
Is 663739753 composite?
False
Is 1067404691 a composite number?
False
Is 11131905931 composite?
False
Is 2294585369 composite?
True
Is 3937245805 prime?
False
Is 756702533 prime?
False
Is 1772538917 composite?
False
Is 1696683031 a prime number?
True
Is 135461591 prime?
True
Is 734953181 prime?
True
Is 34026814034 a composite number?
True
Is 5433339893 composite?
True
Is 23927882609 prime?
True
Is 59386193 prime?
False
Is 1093444421 prime?
False
Is 639293351 a prime number?
False
Is 3842366417 prime?
False
Is 8040347503 a composite number?
False
Is 3621607589 a composite number?
False
Is 80752978333 a composite number?
False
Is 27840945653 composite?
False
Is 157823867 a prime number?
False
Is 107481142 prime?
False
Is 1280976583 a prime number?
True
Is 218535791 composite?
True
Is 29852782601 a prime number?
False
Is 8603636747 a prime number?
False
Is 1161738827 composite?
True
Is 1508307391 prime?
False
Is 1010995091 a prime number?
True
Is 3083740301 prime?
True
Is 682794277 prime?
False
Is 38205482257 a prime number?
True
Is 121569269803 prime?
False
Is 43209616969 a composite number?
True
Is 4111968737 a prime number?
True
Is 137675887 a composite number?
True
Is 116682619 a prime number?
True
Is 72397769 prime?
True
Is 21622612339 composite?
False
Is 15453330083 prime?
False
Is 34315274687 prime?
True
Is 545822741 a prime number?
False
Is 1102855255 a prime number?
False
Is 47743861 prime?
False
Is 4876573769 composite?
True
Is 1291265691 prime?
False
Is 2761461103 a composite number?
True
Is 1575632353 composite?
False
Is 12832975723 a composite number?
False
Is 25076206979 a composite number?
False
Is 14620858267 a prime number?
False
Is 2190743329 prime?
False
Is 2819075407 prime?
True
Is 13271683853 a prime number?
True
Is 15295662451 composite?
False
Is 110222023 a composite number?
False
Is 19587693659 composite?
False
Is 24084548993 composite?
False
Is 2396470346 prime?
False
Is 1863152399 a prime number?
False
Is 63199624751 composite?
False
Is 14037396073 a prime number?
True
Is 1952720083 composite?
False
Is 203666925763 prime?
False
Is 1075857331 prime?
False
Is 16335732289 a composite number?
False
Is 20308499711 a prime number?
True
Is 5215108217 prime?
False
Is 41160644869 a prime number?
True
Is 652966003 a prime number?
True
Is 92387587361 prime?
False
Is 155286227 prime?
True
Is 1637090557 composite?
True
Is 3256463393 a prime number?
True
Is 7360601 composite?
True
Is 165061667 a composite number?
False
Is 71916203143 composite?
True
Is 41747060605 a prime number?
False
Is 9732722221 prime?
True
Is 5806923049 composite?
False
Is 262704041 prime?
True
Is 8071960999 prime?
False
Is 8848439101 a prime number?
True
Is 1555303721 prime?
True
Is 29317975157 a composite number?
True
Is 8727787309 composite?
False
Is 2580454361 a prime number?
False
Is 710835547 a composite number?
False
Is 49718879191 a prime number?
True
Is 9445008971 prime?
False
Is 57471847567 a prime number?
True
Is 82290253627 prime?
True
Is 135256014527 prime?
True
Is 37881160931 a composite number?
True
Is 4496761078 a composite number?
True
Is 15875101459 a prime number?
False
Is 35145337537 composite?
True
Is 6050476009 composite?
True
Is 793352723 composite?
True
Is 1022015513 prime?
True
Is 40310503283 a prime number?
True
Is 145250417833 composite?
False
Is 69973457 a composite number?
False
Is 447291899 a composite number?
True
Is 2709902249 a prime number?
False
Is 96169896391 a composite number?
True
Is 3143318803 a composite number?
False
Is 89784790153 prime?
True
Is 1066927649 a composite number?
False
Is 904263977 a composite number?
False
Is 27900272783 prime?
True
Is 11450508547 prime?
True
Is 604461197 a prime number?
False
Is 1618830181 a prime number?
False
Is 2142749195 composite?
True
Is 6100914745 a prime number?
False
Is 18002600393 composite?
True
Is 987127039 composite?
True
Is 21278868427 a composite number?
True
Is 643829467 a prime number?
True
Is 525475547 a prime number?
False
Is 706907 a composite number?
False
Is 204306659 composite?
False
Is 687253553 a prime number?
False
Is 3587905739 a composite number?
True
